{"id":244503,"date":"2022-09-09T21:36:21","date_gmt":"2022-09-09T19:36:21","guid":{"rendered":"https:\/\/www.lesdessertsdici.fr\/?post_type=product&#038;p=244503"},"modified":"2024-12-08T09:52:43","modified_gmt":"2024-12-08T08:52:43","slug":"le-financier-dici","status":"publish","type":"product","link":"https:\/\/www.lesdessertsdici.fr\/index.php\/produit\/le-financier-dici\/","title":{"rendered":"Le Financier d\u2019Ici"},"content":{"rendered":"<p>Sachet de 8<\/p>\n","protected":false},"excerpt":{"rendered":"<p>Il n\u2019a plus sa forme de lingot, il est peu sucr\u00e9 mais il est toujours aussi savoureux. Moelleux (merci \u00e0 la farine des Moulins de Brasseuil), il est aussi tr\u00e8s savoureux avec un bon gout d\u2019amandes et de beurre noisette.<\/p>\n<p>Pour une pause gourmande (celle qui vous prend n\u2019importe quand), un th\u00e9 ou caf\u00e9 gourmand ou pour un plateau de desserts, il est la petite-touche-sucr\u00e9e-pour-terminer-en-beaut\u00e9. Disponible en taille cocktail (1 \u00e0 2 bouch\u00e9es)<\/p>\n","protected":false},"featured_media":244504,"template":"","meta":{"_et_pb_use_builder":"","_et_pb_old_content":"","_et_gb_content_width":""},"product_brand":[],"product_cat":[27],"product_tag":[],"class_list":{"0":"post-244503","1":"product","2":"type-product","3":"status-publish","4":"has-post-thumbnail","6":"product_cat-tea-time","8":"first","9":"instock","10":"taxable","11":"shipping-taxable","12":"purchasable","13":"product-type-simple"},"_links":{"self":[{"href":"https:\/\/www.lesdessertsdici.fr\/index.php\/wp-json\/wp\/v2\/product\/244503","targetHints":{"allow":["GET"]}}],"collection":[{"href":"https:\/\/www.lesdessertsdici.fr\/index.php\/wp-json\/wp\/v2\/product"}],"about":[{"href":"https:\/\/www.lesdessertsdici.fr\/index.php\/wp-json\/wp\/v2\/types\/product"}],"wp:featuredmedia":[{"embeddable":true,"href":"https:\/\/www.lesdessertsdici.fr\/index.php\/wp-json\/wp\/v2\/media\/244504"}],"wp:attachment":[{"href":"https:\/\/www.lesdessertsdici.fr\/index.php\/wp-json\/wp\/v2\/media?parent=244503"}],"wp:term":[{"taxonomy":"product_brand","embeddable":true,"href":"https:\/\/www.lesdessertsdici.fr\/index.php\/wp-json\/wp\/v2\/product_brand?post=244503"},{"taxonomy":"product_cat","embeddable":true,"href":"https:\/\/www.lesdessertsdici.fr\/index.php\/wp-json\/wp\/v2\/product_cat?post=244503"},{"taxonomy":"product_tag","embeddable":true,"href":"https:\/\/www.lesdessertsdici.fr\/index.php\/wp-json\/wp\/v2\/product_tag?post=244503"}],"curies":[{"name":"wp","href":"https:\/\/api.w.org\/{rel}","templated":true}]}}